er when 738 is divided by 105?
3
What is the remainder when 1187 is divided by 18?
17
What is the remainder when 155 is divided by 42?
29
Calculate the remainder when 887 is divided by 81.
77
What is the remainder when 48 is divided by 37?
11
What is the remainder when 1421 is divided by 46?
41
What is the remainder when 2814 is divided by 44?
42
Calculate the remainder when 1506 is divided by 168.
162
Calculate the remainder when 243 is divided by 20.
3
What is the remainder when 407 is divided by 334?
73
What is the remainder when 1427 is divided by 205?
197
What is the remainder when 350 is divided by 17?
10
What is the remainder when 347 is divided by 54?
23
What is the remainder when 10782 is divided by 41?
40
Calculate the remainder when 686 is divided by 357.
329
Calculate the remainder when 239 is divided by 52.
31
Calculate the remainder when 419 is divided by 14.
13
Calculate the remainder when 696 is divided by 17.
16
What is the remainder when 770 is divided by 388?
382
What is the remainder when 657 is divided by 16?
1
What is the remainder when 2532 is divided by 13?
10
What is the remainder when 874 is divided by 215?
14
What is the remainder when 1720 is divided by 41?
39
What is the remainder when 1324 is divided by 121?
114
Calculate the remainder when 416 is divided by 82.
6
What is the remainder when 6702 is divided by 5?
2
What is the remainder when 160 is divided by 33?
28
Calculate the remainder when 850 is divided by 43.
33
Calculate the remainder when 70 is divided by 29.
12
Calculate the remainder when 263 is divided by 11.
10
Calculate the remainder when 270 is divided by 57.
42
What is the remainder when 4577 is divided by 20?
17
What is the remainder when 57 is divided by 42?
15
What is the remainder when 1070 is divided by 20?
10
Calculate the remainder when 941 is divided by 79.
72
What is the remainder when 740 is divided by 73?
10
What is the remainder when 1887 is divided by 8?
7
What is the remainder when 113 is divided by 5?
3
What is the remainder when 162 is divided by 50?
12
Calculate the remainder when 447 is divided by 219.
9
What is the remainder when 1118 is divided by 10?
8
What is the remainder when 22 is divided by 14?
8
What is the remainder when 8 is divided by 4?
0
What is the remainder when 3411 is divided by 7?
2
What is the remainder when 333 is divided by 34?
27
Calculate the remainder when 782 is divided by 86.
8
Calculate the remainder when 414 is divided by 220.
194
What is the remainder when 6148 is divided by 143?
142
What is the remainder when 534 is divided by 108?
102
Calculate the remainder when 110 is divided by 82.
28
Calculate the remainder when 196 is divided by 38.
6
Calculate the remainder when 97 is divided by 21.
13
Calculate the remainder when 1323 is divided by 78.
75
Calculate the remainder when 22 is divided by 6.
4
Calculate the remainder when 77 is divided by 19.
1
Calculate the remainder when 487 is divided by 163.
161
What is the remainder when 1781 is divided by 223?
220
What is the remainder when 66 is divided by 10?
6
What is the remainder when 470 is divided by 78?
2
What is the remainder when 576 is divided by 34?
32
Calculate the remainder when 589 is divided by 16.
13
What is the remainder when 847 is divided by 23?
19
What is the remainder when 168 is divided by 57?
54
Calculate the remainder when 545 is divided by 13.
12
What is the remainder when 459 is divided by 21?
18
What is the remainder when 330 is divided by 83?
81
Calculate the remainder when 778 is divided by 112.
106
What is the remainder when 708 is divided by 142?
140
Calculate the remainder when 47 is divided by 15.
2
What is the remainder when 498 is divided by 120?
18
What is the remainder when 8337 is divided by 397?
0
What is the remainder when 1436 is divided by 40?
36
Calculate the remainder when 1679 is divided by 549.
32
What is the remainder when 3510 is divided by 1161?
27
Calculate the remainder when 164 is divided by 45.
29
Calculate the remainder when 785 is divided by 283.
219
What is the remainder when 181 is divided by 83?
15
Calculate the remainder when 9169 is divided by 28.
13
What is the remainder when 3233 is divided by 27?
20
Calculate the remainder when 22566 is divided by 62.
60
Calculate the remainder when 501 is divided by 120.
21
Calculate the remainder when 183 is divided by 30.
3
Calculate the remainder when 1099 is divided by 13.
7
Calculate the remainder when 7737 is divided by 73.
72
What is the remainder when 911 is divided by 114?
113
What is the remainder when 184 is divided by 27?
22
Calculate the remainder when 369 is divided by 126.
117
What is the remainder when 2131 is divided by 706?
13
What is the remainder when 109 is divided by 79?
30
Calculate the remainder when 2607 is divided by 201.
195
What is the remainder when 547 is divided by 11?
8
What is the remainder when 1912 is divided by 58?
56
Calculate the remainder when 227 is divided by 29.
24
Calculate the remainder when 628 is divided by 205.
13
Calculate the remainder when 183 is divided by 104.
79
What is the remainder when 8591 is divided by 24?
23
Calculate the remainder when 9045 is divided by 37.
17
Calculate the remainder when 791 is divided by 111.
14
Calculate the remainder when 660 is divided by 248.
164
What is the remainder when 1954 is divided by 26?
4
Calculate the remainder when 4649 is divided by 34.
25
Calculate the remainder when 1060 is divided by 254.
44
Calculate the remainder when 286 is divided by 29.
25
What is the remainder when 116 is divided by 10?
6
What is the remainder when 973 is divided by 159?
19
What is the remainder when 930 is divided by 17?
12
Calculate the remainder when 890 is divided by 149.
145
What is the remainder when 17 is divided by 14?
3
Calculate the remainder when 1250 is divided by 114.
110
What is the remainder when 287 is divided by 23?
11
What is the remainder when 1051 is divided by 27?
25
Calculate the remainder when 640 is divided by 39.
16
What is the remainder when 189 is divided by 12?
9
What is the remainder when 339 is divided by 31?
29
What is the remainder when 67 is divided by 30?
7
What is the remainder when 1742 is divided by 175?
167
What is the remainder when 355 is divided by 69?
10
What is the remainder when 1203 is divided by 67?
64
Calculate the remainder when 398 is divided by 77.
13
What is the remainder when 360 is divided by 73?
68
Calculate the remainder when 114 is divided by 12.
6
Calculate the remainder when 2969 is divided by 31.
24
What is the remainder when 27 is divided by 10?
7
What is the remainder when 1055 is divided by 209?
10
Calculate the remainder when 3552 is divided by 148.
0
What is the remainder when 118 is divided by 15?
13
Calculate the remainder when 2803 is divided by 33.
31
Calculate the remainder when 207 is divided by 44.
31
What is the remainder when 790 is divided by 28?
6
Calculate the remainder when 955 is divided by 87.
85
Calculate the remainder when 175 is divided by 69.
37
Calculate the remainder when 14 is divided by 14.
0
Calculate the remainder when 151 is divided by 137.
14
What is the remainder when 777 is divided by 4?
1
Calculate the remainder when 276 is divided by 97.
82
Calculate the remainder when 466 is divided by 12.
10
Calculate the remainder when 65 is divided by 17.
14
Calculate the remainder when 38 is divided by 26.
12
Calculate the remainder when 385 is divided by 49.
42
What is the remainder when 1217 is divided by 20?
17
Calculate the remainder when 105 is divided by 24.
9
What is the remainder when 421 is divided by 147?
127
What is the remainder when 849 is divided by 842?
7
What is the remainder when 1962 is divided by 195?
12
Calculate the remainder when 361 is divided by 28.
25
What is the remainder when 1547 is divided by 397?
356
What is the remainder when 34 is divided by 15?
4
What is the remainder when 86 is divided by 22?
20
Calculate the remainder when 84 is divided by 43.
41
Calculate the remainder when 179 is divided by 42.
11
What is the remainder when 1238 is divided by 54?
50
What is the remainder when 3297 is divided by 66?
63
What is the remainder when 2938 is divided by 57?
31
What is the remainder when 129 is divided by 60?
9
Calculate the re